**2 + 33*s. Give r(3).
23
Let i(l) = l**3 + 7*l**2 - 11*l - 32. Let r be i(-8). Let j(p) = p**3 + 7*p**2 - 8*p - 1. Calculate j(r).
-1
Let l(b) = -b**2 - 8*b + 1. Let m be (-1)/(-2)*(8 - 22). Give l(m).
8
Let g = 463/31380 + 1/523. Let o(y) be the third derivative of y**3 + 0*y + g*y**5 + 0 - 1/24*y**4 + 8*y**2. Calculate o(0).
6
Suppose 10*o + 3*o = 286. Suppose 0 = -59*i + 57*i + o. Let b(g) = -g**3 + 10*g**2 + 12*g - 8. Determine b(i).
3
Suppose -442 = -5*o - 432. Let m(p) = -5*p**3 + 2*p**2 - p. Give m(o).
-34
Let z(c) = -15*c**2 + c - 1. Let g be z(1). Let d = g + 20. Let u(t) = -t**2 + 3*t + 8. Let b be u(d). Let j(i) = 3*i**2 - i + 1. Give j(b).
15
Suppose 5*i + 4*v = 6*v - 20, 2*v - 14 = 4*i. Let f(c) = 6*c + 5. Give f(i).
-31
Let h(t) = t**2 + 5*t + 6. Let y be h(-5). Let q(a) be the third derivative of 1/10*a**5 + 0*a - a**3 - 1/120*a**6 + 0 + 0*a**4 - 6*a**2. What is q(y)?
-6
Suppose 3*q + 1 = 10. Suppose -q*z = -z - 2. Let r(o) = 2 - 2*o - 3 + 0*o - 2*o. Determine r(z).
-5
Let y(g) = g**2 + g - 1. Let l(x) be the third derivative of -7*x**5/60 - 5*x**4/24 + 5*x**3/6 - 14*x**2. Let n(s) = l(s) + 6*y(s). Calculate n(-2).
-7
Let f(p) = -34*p + 1. Let o = -241 - -242. Determine f(o).
-33
Let f(d) = d**3 - 10*d**2 + 2*d - 5. Let u = -148 + 158. Give f(u).
15
Let c(g) be the first derivative of g**2/2 + 4*g - 30. Determine c(3).
7
Suppose a - 2*c + 3 - 10 = 0, 2*a = -c + 9. Suppose -a*q = 3 - 18. Let o(s) = 3*s**2 + 2 - 4*s**2 - q - s + s**3 + 2*s**2. Give o(0).
-1
Let m = 65/4 - 323/20. Let w(a) be the third derivative of 7/24*a**4 + m*a**5 + 0 + 0*a + 1/3*a**3 - 6*a**2 + 1/120*a**6. Give w(-5).
-8
Let r(h) = -h**3 - 4*h**2 + 6*h - 1. Suppose 0 = g - 5*v + 35, v + 42 = -4*g + 7. Let o be ((-1)/(-2))/((-1)/g). Let k = o + -10. What is r(k)?
-6
Let j(y) = y**3 - 4*y**2 - 48 + 5*y**2 + 47. Let a(h) = -5*h**3 - 5*h**2 - 3*h + 9. Let g(w) = a(w) + 6*j(w). Give g(2).
9
Let q(w) = 0*w - 14*w + 25*w - 5*w - 9 - 7*w. What is q(-5)?
-4
Let g(d) = -4*d + 6. Let c be (-10)/(-20) - 28/(-8). Give g(c).
-10
Let b(k) = -k**2 - 2*k + 6. Suppose 0 = 27*t - 26*t. Suppose t = 2*p + 67 - 57. Calculate b(p).
-9
Let w be (-1)/5 + 504/(-30) + 0. Let l(q) = 2*q - 26. Let j(i) = -i + 9. Let b(n) = w*j(n) - 6*l(n). What is b(-2)?
-7
Let g(j) = 8*j**3 - 8*j**2 - 8*j - 11. Let r(c) = -7*c**3 + 6*c**2 + 7*c + 11. Let h(w) = -6*g(w) - 7*r(w). What is h(-6)?
-5
Let o(z) = -z**2 + z. Let r be 2 - (0 + (-2 - 4/(-2))). Give o(r).
-2
Suppose -165 = 5*v + 5*c, 15 = c + 2*c. Let j = -34 - v. Suppose 14 = -11*l + j*l. Let i(y) = y**3 - y. Calculate i(l).
-6
Let m = 0 - 4. Let w be ((-16)/4)/(-1 - 1). Let c(i) = 3*i**2 - 4*i**2 - 5 + w*i**2 - i + 4*i. Determine c(m).
-1
Let w(l) be the third derivative of -l**5/60 + l**4/6 + l**3/6 - 3*l**2. Give w(2).
5
Let c(o) = -o - 10. Let b = -109 - -98. What is c(b)?
1
Let q(y) be the third derivative of -y**8/20160 + y**7/1680 + y**6/720 - y**5/12 - 20*y**2. Let m(i) be the third derivative of q(i). Give m(3).
1
Let a = 6 + -3. Let q(i) = -2*i**a + 2*i**2 + 3*i**3 + 3 - 5*i + 8*i + i. What is q(-2)?
-5
Let q(m) be the first derivative of m**4/4 + 2*m**3/3 - m**2/2 - 3*m + 74. Determine q(-3).
-9
Let d = 21 + -10. Let c = d - 7. Let n(m) = -3*m + 3*m**2 + 3*m + 5*m - c*m. Give n(-1).
2
Let w(q) be the third derivative of q**6/120 + 7*q**5/60 - 5*q**4/12 - 11*q**3/6 - 14*q**2 - 1. Give w(-8).
5
Suppose -5*y = -y + 16. Let x = y - -6. Let b(d) = -4*d + d**x - 15 - d + 4*d + 6. Give b(0).
-9
Let s(f) = -f**2 + 8*f - 6. Let t = 1607 + -1601. What is s(t)?
6
Let m(j) = -3*j - 142. Let c(q) = -23. Let p(a) = 6*c(a) - m(a). Suppose -4*f - 67 = 5*n + 193, f + 68 = -2*n. Let i be f/14 + (-2)/(-7). Give p(i).
-8
Let h(z) be the third derivative of 1/6*z**3 + 25*z**2 + 0*z + 0 - 1/12*z**4 + 1/12*z**5. Let s = 1 - 0. Give h(s).
4
Let l(d) be the second derivative of d**7/840 - d**6/120 - d**5/40 + d**4/12 - 16*d**3/3 + 25*d. Let u(z) be the second derivative of l(z). Give u(3).
-7
Let s(d) = -61 + 12*d**3 + 29 - 47*d**3 + 31 + d**2. Calculate s(-1).
35
Let u(p) = 9*p - 8*p**3 - 5*p**3 + 14*p**3 - 141*p**2 - 2 + 6 + 134*p**2. Calculate u(5).
-1
Let y be -1 + (-2 - -3) + 0. Let r(v) = v**3 + 5*v**2 + 4*v - 3. Let m be r(2). Let t(i) = -m - 2*i**2 - 7*i + y*i**2 + 28. Give t(-4).
-9
Let r = 36 - 32. Let k(b) = -5*b**2 + b + 2. Let x(i) = -i**2 + i. Let c(g) = r*x(g) - k(g). Calculate c(2).
8
Let w(q) = q + 11. Suppose 0 = -u + z - 2*z + 6, -20 = -3*u - 5*z. Suppose u*o + 1 = -49. Determine w(o).
1
Let m(d) = -3*d - 14. Let z(u) = -21*u + 36. Let j be z(2). Give m(j).
4
Let c(l) = 5*l**2 - 28*l - 61. Let f(n) = -3*n**2 + 28*n + 49. Let m(a) = 2*c(a) + 3*f(a). Determine m(-27).
-2
Let y(v) = v**2 + 4*v + 5. Let x = -2183 + 2180. What is y(x)?
2
Let m = -659 + 672. Let x(g) = -2*g**3 + 25*g**2 + 14*g - 14. Give x(m).
-1
Let m = 25 + -25. Let w(i) = m + 4*i + 4 + 3*i - 3*i. Give w(-3).
-8
Let i = 481 + -473. Let s(k) = -4*k - 7. Determine s(i).
-39
Let l(j) = -188*j + 755. Let t be l(4). Suppose y + 20 = 2*y + 5*w, 2*y = -4*w + 16. Let i(b) = 0 + y - b**2 + 5*b. Calculate i(t).
6
Let f(m) = -4*m**3 - 2*m**2 - m - 2. Suppose 0*w - 4*v - 6 = 2*w, 0 = -2*w + v - 1. Let o = -3 - w. What is f(o)?
24
Let t(b) = b**2 + 4*b + 4. Let f(l) = l**2 + 5*l + 2. Let v(m) = 24*m**2 - 3*m + 2. Let a be v(1). Let n = -26 + a. Let p be f(n). Calculate t(p).
4
Suppose -4*g + 3*g - 5*k + 41 = 0, -72 = -4*g + 3*k. Suppose 0 = h + 5*b - g, -h + b - 15 = -3*b. Let a(i) = -i**3 - i**2 - i + 1. What is a(h)?
-2
Suppose -34*r = -33*r. Let f(m) = m**3 - m. What is f(r)?
0
Suppose -15*p + 10*p = -10. Let x(z) = 5 + 5*z**3 - 2 - 3*z**3 - 3*z**3 + 6*z - 5*z**p. Calculate x(-6).
3
Let q(c) = c**3 - 9*c**2 + 8*c + 2. Let l be 14/6*(5 - 14). Let t be 835/(-7) + (-6)/l. Let z be 34/t + (-116)/(-14). Give q(z).
2
Let c(b) = b**2 - b - 9 + 17 - 10. Let u(z) = z - 2. Let a be u(4). What is c(a)?
0
Let h(b) = -24101 - 3*b - 4*b + 24103. What is h(-3)?
23
Let c be (-10)/15*(-15)/1. Suppose 16 = -2*d - 5*v, 0 = -0*d + 5*d + 5*v + c. Let m(q) = -q**3 + q**2 + q + 1. What is m(d)?
-1
Let f(i) = -28 - 9*i**2 - 30 - i**3 - 22 - i + 93 - 22. Determine f(-9).
0
Let o(k) = 13*k**3 + 92*k**2 - 96*k + 43. Let c(x) = -3*x**3 - 23*x**2 + 24*x - 11. Let d(w) = -9*c(w) - 2*o(w). Calculate d(-24).
13
Let y(n) = -n + 2. Let k(h) be the third derivative of -h**6/60 - h**5/30 + h**4/24 - h**3/3 + 10*h**2. Let t be k(-2). Calculate y(t).
-2
Let w(x) = -x**3 + x**2 + 2*x - 3. Let f(g) = -g**3 + g**2 + 3*g - 4. Let p(z) = -4*f(z) + 5*w(z). Determine p(1).
-1
Suppose 5*v = 2*c + 3*c - 20, v = 3*c - 14. Suppose -1 = -a - c. Let w(d) = 2 + d + d - 1. What is w(a)?
-7
Let y(z) = z**2. Let c(h) = 4*h**2 + h + 5. Let f(n) = c(n) - 5*y(n). Suppose 8 = 8*k - 6*k. What is f(k)?
-7
Let g = 65 - 42. Let r = -28 + g. Let b(c) = -5*c - 7. Let j(f) = 4*f + 6. Let z(p) = 2*b(p) + 3*j(p). Determine z(r).
-6
Let i(a) = -14*a. Suppose -97*x + 90*x = 14. Calculate i(x).
28
Let j = -521 - -523. Let n(f) = 2*f**3 - 4*f**2 + 3*f - 2. Give n(j).
4
Let g(b) = b**3 + 4*b**2 - 2*b - 1. Let f(m) = -517*m + 515*m - 10 - 10. Let s be f(-8). Give g(s).
7
Let f(c) = c**3 + 7*c**2 + 6*c - 8. Suppose -17*n - 4*n - 126 = 0. Calculate f(n).
-8
Let p(o) be the first derivative of -o**3/3 + 5*o**2 - 10*o - 229. Calculate p(6).
14
Let g(v) = v**2 - 6*v - 5. Let d(s) = -s + 20. Let x be (3/(-2))/(2/(-20)). Let q be d(x). Determine g(q).
-10
Let p(h) = h**2 + 6*h - 7. Let z(c) = 5*c - 6. Let q(l) = -6*p(l) + 7*z(l). Give q(1).
-7
Let v(h) = -h - 2. Let z be v(-10). Suppose -11*b = -z*b. Suppose b*t = -2*t. Let o(x) = x**2 + x + 4. Determine o(t).
4
Let z be 2/(-2 + 16 + -8). Let f(n) be the second derivative of -7*n + 0 + z*n**3 - 5/2*n**2. Determine f(-5).
-15
Let s(n) = 5*n**2 - 3*n + 13. Let d(w) = -w**2 - 1. Let z = -8 + 2. Let x(b) = z*d(b) - s(b). Let m(f) = -f + 2. Let k be m(7). Give x(k).
3
Suppose 3*r + 10 = 3*x + x, -2*x + r + 6 = 0. Let u(o) = -x - o - 1 + 7. Suppose -3 = -2*n - 13, -3*n = 3*w + 21. What is u(w)?
4
Let j(c) be the third derivative of -7*c**4/24 - c**3/6 + 31*c**2 + 6*c. Give j(-3).
20
Suppose -8*f + 27 = f. Let i(y) = -11 - 2*y + 4*y + 0 - f*y. Give i(-5).
-6
Let a be 3 + 1 - (12 + -9) - 6. Let p(l) = -5 - l - 4*l + 3*l